26/(-78))/((-1)/(j*-3)). What is x(f)?
-6
Suppose 0*s - 8 = 2*s - 4*w, 5*w - 5 = 5*s. Let z(r) = 30*r**2 + 1 - 31*r**2 + 1 - s*r + 3*r**3. Give z(2).
18
Let t(u) = u**3 + u**2 + u + 15. Let a be 2/5 + (-16)/40. Give t(a).
15
Let q = 8 + -6. Suppose 6 = -q*n + 8. Let m(g) = -3*g - n + g + g**2 - g. Determine m(3).
-1
Suppose -36 + 34 = 2*n. Suppose 0 = -2*y + 9 - 1. Let m(v) = -y + 3 - 12*v**3 + 3*v**3. Give m(n).
8
Suppose -16 - 24 = -4*x. Let r(k) = 1 - x*k + 0*k + 3*k. Give r(1).
-6
Let q be 245/(-20) - 1/(-4). Let z be q/(-5) - 3/(-5). Suppose -w + 2*t - 14 = -2*w, 0 = -4*w + z*t + 1. Let a(v) = -v**3 + 3*v**2 + 4*v - 5. Give a(w).
-5
Let l(d) = -d**2 - 50*d - 8. Let n be l(0). Let v(r) = r**3 + 10*r**2 + 12*r + 4. What is v(n)?
36
Let c(o) = -o**2 + 3*o**2 - 4 - 2*o**3 + 4*o - 4*o**3 + 6*o**3 - o**3. Calculate c(3).
-1
Suppose -3*s + 2*v = -8, 6*s + 8 = 10*s - 4*v. Let k(l) = -4*l - 1 - l**2 + 2 + 7 - s. Determine k(-4).
4
Let p(s) = -5*s**3 - s**2 + 4*s + 8. Let l be p(-2). Let o(g) = l*g**2 - 2*g + 8 - 35*g**2 - 6*g. Give o(7).
1
Let k be (2/(-3))/(8/(-60)). Let j(s) = -s - 6. Let l = 19 + -25. Let i(r) = r + 7. Let a(p) = l*j(p) - 5*i(p). Determine a(k).
6
Let g(t) = t**3 + t**2 - 3*t - 2. Let j(m) = -m**3 - 28*m**2 - 2*m - 58. Let k be j(-28). Determine g(k).
0
Let c(s) = -12*s - 5. Let b(z) = 11*z + 6. Let w(f) = 7*b(f) + 6*c(f). Calculate w(0).
12
Let c be ((-1)/(30/(-36)))/(2/5). Let p be c*3/(-9)*1. Let g(a) = 12*a. Let d(v) = -v. Let t(z) = 6*d(z) + g(z). Determine t(p).
-6
Let h(t) = -8*t - 11. Let y(o) = -15*o - 20. Let s(w) = 11*h(w) - 6*y(w). Determine s(4).
7
Let z(x) be the second derivative of -x**5/20 - 25*x**2/2 - 45*x. Calculate z(0).
-25
Let o(t) = t**3 + 2*t**2 - 2*t - 3. Let x be o(-1). Let m(b) = b + 54. Calculate m(x).
54
Let r(x) be the third derivative of -x**5/60 + x**4/4 - x**3/6 + 72*x**2 - 3. Let n(w) = -w**2 + 8*w + 5. Let v be n(8). Calculate r(v).
4
Let s = -3 + 0. Let m(o) be the third derivative of 2/3*o**3 + 1/8*o**4 + o**2 + 0*o + 0. Determine m(s).
-5
Let y be 1 + 7 - (10 - 2). Let q(x) be the third derivative of y*x + 5/6*x**3 - 1/12*x**4 + 0 - 8*x**2. What is q(5)?
-5
Let s(t) be the first derivative of -t**2/2 - 9*t - 434. Suppose -4*a + 2*a = p + 3, 0 = -3*p + 3*a. Let l(v) = -v. Let q(n) = p*s(n) + 4*l(n). What is q(6)?
-9
Let b(d) = d. Let o(z) = z**2 - 3*z + 3. Let p(y) = 2*b(y) - o(y). Give p(2).
3
Let u(l) be the first derivative of l**4/4 + 7*l**3/3 + 7*l**2/2 + 2*l - 24. Determine u(-6).
-4
Let l(n) = 2*n**2 + 9*n - 6. Let t(u) = 2*u**2 + 8*u - 5. Let p(b) = 4*l(b) - 5*t(b). What is p(-3)?
-5
Let i(d) = -d - 8. Let p(u) = 2*u + 18. Let n(m) = 9*i(m) + 4*p(m). Give n(0).
0
Let z(g) be the second derivative of -g**3/6 - 3*g**2/2 + 20*g + 4. Suppose 0 = -2*b - b. Let y = 0 - b. Give z(y).
-3
Let r(w) = w**2 + 8*w - 7. Let p be r(-8). Let t be 333/(-63) + (-2)/p. Let m(n) = -10*n**2 + 7*n**2 + n**3 + 5*n**2 - 2 + 4*n**2 + 4*n. Calculate m(t).
3
Let o = -1914 + 1909. Let f(r) = 2*r**2 + 13*r + 9. Determine f(o).
-6
Let w = -7 - -15. Suppose 19 = 5*y - 3*c, -4*y - 7*c + 3*c - 4 = 0. Let v(n) = -13*n + 7*n - y + w*n. Give v(-2).
-6
Let x(b) = -3*b - 23. Let h = 687 + -702. Give x(h).
22
Let m = -19639/20 - -982. Let c(d) be the second derivative of -m*d**5 - 1/12*d**4 - 3/2*d**2 + 0 - 1/6*d**3 + d. Calculate c(0).
-3
Let m(p) = p**3 + p + 35. Let v be -7 - (1/2)/(30/(-420)). What is m(v)?
35
Let k(d) = -2*d + 8. Let t = -508 + 513. Determine k(t).
-2
Let w(f) = 17*f**2 - 5*f + 3 - 6*f**2 - 10*f**2 + 13*f. Let u(c) = -c**2 - 3*c + 4. Let b be u(-5). Calculate w(b).
-9
Let o(k) = 8*k + 8. Let h(i) = i**2 - 1. Let w(f) = h(f) + o(f). Let r be w(-5). Let l(g) = -g**3 - 7*g**2 + 11*g + 9. Calculate l(r).
-15
Let x(p) = 3*p**2 + p + 3. Let y(o) = 4*o**2 + 3*o + 3. Let c(z) = 3*x(z) - 2*y(z). What is c(2)?
1
Let c be 7 - (2244/252 - 10/(-105)). Let p(x) be the third derivative of 0*x**4 + 0 + 1/120*x**6 + 0*x**3 - 2*x**2 + 1/30*x**5 + 0*x. Determine p(c).
0
Let n(h) = h**3 + 8. Let t(g) = g**2 + 9*g - 18. Let x be t(-11). Suppose -2*y - 5 = -x*a + 3*a, y + 5*a = 25. What is n(y)?
8
Let o(a) = -a**3 + 4*a**2 + 5*a + 3. Let k be o(5). Suppose -2*p + k + 1 = 0. Let n be (8 - 2)*p/4. Let v(l) = l**3 - 3*l**2 + 2. Calculate v(n).
2
Let u(l) = 3*l**2 - 8*l + 9. Let q be 0/1*(9 + -10). Let k be -1 + 4 + q + 2. Let i(v) = -7*v**2 + 16*v - 18. Let m(b) = k*u(b) + 2*i(b). Calculate m(7).
2
Let x(d) = d**3 - 4*d**2 - 3*d + 3. Suppose u = 2*t - 15, -38*t + 35*t + 5*u = -40. Determine x(t).
13
Suppose -29*c = -22*c - 42. Let j(t) = -2*t + 11. Calculate j(c).
-1
Let d(m) = -2*m**2 + 3*m**2 - m**2 + 658*m + 20*m**3 - 657*m. Give d(-1).
-21
Let s(z) = 0*z**2 - 2 - 8*z + 2*z**2 - 3*z**2 - 1. Let b be (1 - 2)/((-2)/(-90)*9). Give s(b).
12
Let m(w) = w**3 + 12*w**2 + 12*w + 3. Let n be (-3)/(-12) - 15/(-4). Let f(a) = a**3 - 5*a**2 - 2*a + 13. Let h be f(n). Determine m(h).
-8
Let o be (-5)/2*336/(-140). Let z(h) = -h**3 + 4*h**2 + 9*h - 2. Give z(o).
-20
Let v be (-8)/(-6) - 44/6. Let j(x) be the third derivative of x**6/120 + x**5/10 + x**4/12 + x**3 + 2*x**2. What is j(v)?
-6
Let g(b) be the third derivative of 5*b**4/24 + 2*b**3/3 - 77*b**2. Give g(-3).
-11
Let g(i) = -i**3 - 3. Let u(x) = x**3 + 3. Let c(y) = -2*g(y) - 3*u(y). Let p(v) = -v - 4 + 3 - 8 + 2. Let l be p(-7). Determine c(l).
-3
Let p(o) be the second derivative of 0*o**3 + 5*o + 1/2*o**2 + 0 + 13/12*o**4. Give p(-1).
14
Let q(w) = -9*w - 9 - 2 + 19 - 6. Calculate q(2).
-16
Let b(u) = 25*u + 1177. Let k be b(-47). Let w(d) be the third derivative of -d**6/120 - d**4/24 - d**3/3 - 4*d**2. Determine w(k).
-12
Suppose 44*o + 95 = -81. Let u(h) = h**3 + 5*h**2 + 5*h. Calculate u(o).
-4
Let k(f) be the first derivative of 1/3*f**3 + 0*f + 6 + 3/2*f**2. What is k(-2)?
-2
Let b(s) = s**2 + 5*s + 1. Suppose -2*j + 4*q = -16, -5*q - 21 = j - 4*j. Let m(u) = -2*u - 1. Let y be m(j). Give b(y).
1
Let m be (-3)/9 + (-3)/((-36)/100). Let w(g) be the second derivative of 1/3*g**4 + 1/20*g**5 + 0 + 2/3*g**3 - m*g + g**2. Give w(-2).
2
Let l = 20 - 20. Let c(o) = l*o**2 - 1 + 2*o - 3*o - o - o**2. Give c(-2).
-1
Let v(q) = q - 2*q + 1 - 2. Suppose 0 = -38*j - 101 - 127. Give v(j).
5
Let s(i) = -4 + 35*i + 9 - 36*i. Determine s(9).
-4
Let a(p) = p + 1. Let x = -4 - -6. Let o(b) = 4*b + 2. Let d(u) = x*o(u) - 6*a(u). Give d(5).
8
Let s(x) = -x + 1. Let w(v) = 4*v + 3. Let z(q) = -2*q - 1. Let i(k) = 4*w(k) + 7*z(k). Let l(m) = -i(m) - s(m). Calculate l(-5).
-1
Let p(v) = 3*v**2 + 6*v - 8. Let k be p(1). Let b(z) be the second derivative of z**6/144 - z**4/6 + z. Let h(y) be the third derivative of b(y). Give h(k).
5
Let n(d) = -6*d - 26. Let o be n(-5). Let y(a) = a**3 - 4*a**2 + a. Give y(o).
4
Let u be 8*1 + 413/(-59). Let y(q) = 23*q**3 - 2*q**2 + 2*q - 1. Determine y(u).
22
Let g be ((-301)/(-105) - 6/(-45))*1. Let o(h) = h**2 - 3*h - 7. Give o(g).
-7
Let d(j) = -15*j - 246 + 89 + 22 + 61. What is d(-5)?
1
Let z = -127 + 130. Suppose -4*o = -3*d + 6, o + 2*d - z = 1. Let q(c) be the third derivative of c**4/24 - c**3 + c**2. Calculate q(o).
-6
Let a(p) = 10 + 3 + p - 2. Give a(-6).
5
Let r = 27 - 58. Let v = r - -34. Let i(x) = 3*x + 3. Calculate i(v).
12
Let t(o) = 441*o - 433*o + 12*o**2 - 20*o**2 + 9*o**2 + 7. What is t(-6)?
-5
Let w(q) = -q**2 - 7*q - 3. Suppose -7 = -2*u - 3. Suppose 2*r = u*a + 22, 7*a = 3*a + 2*r - 34. Determine w(a).
3
Let c(i) be the second derivative of i**4/12 + i**3/6 - 5*i**2/2 + i. Let p be (30 + -33)/((-21)/(-12) + -1). What is c(p)?
7
Let y be (-7 + 6)*-1*1. Let v(u) = -9*u + 11. Let g(a) = -a + 1. Let x(b) = -b. Let p(r) = 6*g(r) - x(r). Let z(i) = 11*p(i) - 6*v(i). What is z(y)?
-1
Let i be ((-14)/2)/(126 - 125). Let q(j) = 5*j - 3. What is q(i)?
-38
Let d = -94 + 133. Let q = 42 - d. Let k(c) be the second derivative of -5*c**3/6 + 2*c**2 - 2*c. What is k(q)?
-11
Suppose 89 - 97 = -4*n. Let k(h) = -859*h**2 - 3 + 858*h**2 - 3 + n*h. What is k(5)?
-21
Let o = 69 - 17. Let i(n) = 2 + 28*n + 23*n - o*n. Determine i(9).
-7
Suppose 0 = -4*t + 2*j + 6, -4*j + 10 = -t + 4*t. Let g(k) be the third derivative of -5*k**4/24 - k**3/6 + 115*k**2. Calculate g(t).
-11
Let k(c) = c**2 + c - 4. Let x be ((-90)/(-135))/(1 - 19/21). Suppose x*u = 